{"id":442,"date":"2016-03-28T16:55:23","date_gmt":"2016-03-28T16:55:23","guid":{"rendered":"http:\/\/elpicudonegro.com\/web\/?page_id=442"},"modified":"2016-06-22T22:19:46","modified_gmt":"2016-06-22T22:19:46","slug":"quienes-somos-pitas-almeria","status":"publish","type":"page","link":"https:\/\/elpicudonegro.com\/web\/quienes-somos-pitas-almeria\/","title":{"rendered":"QUIENES SOMOS"},"content":{"rendered":"<p style=\"text-align: justify;\">Desde la Plataforma <strong>Salvemos las Pitas de Almer\u00eda<\/strong>\u00a0nos planteamos que todos los\u00a0\u00e1gaves (PITAS en general) representan algo m\u00e1s que especies\u00a0ex\u00f3ticas, y que forman parte de la <strong>identidad<\/strong> <strong>almeriense, <\/strong>del imaginario colectivo y su imagen exterior, siendo parte de nuestra historia.\u00a0Comprobamos con satisfacci\u00f3n que nuestras demandas y preocupaciones son compartidas por la mayor\u00eda de la poblaci\u00f3n, que tenemos en las pitas un <strong>referente cultural<\/strong>.<\/p>\n<figure id=\"attachment_209\" aria-describedby=\"caption-attachment-209\" style=\"width: 324px\" class=\"wp-caption aligncenter\"><img data-recalc-dims=\"1\" loading=\"lazy\" decoding=\"async\" data-attachment-id=\"209\" data-permalink=\"https:\/\/elpicudonegro.com\/web\/picudo-negro-almeria\/imagen-campana-2\/\" data-orig-file=\"https:\/\/i0.wp.com\/elpicudonegro.com\/web\/wp-content\/uploads\/2016\/02\/imagen-campa%C3%B1a-1.jpg?fit=960%2C720&amp;ssl=1\" data-orig-size=\"960,720\" data-comments-opened=\"1\" data-image-meta=\"{&quot;aperture&quot;:&quot;0&quot;,&quot;credit&quot;:&quot;&quot;,&quot;camera&quot;:&quot;&quot;,&quot;caption&quot;:&quot;&quot;,&quot;created_timestamp&quot;:&quot;0&quot;,&quot;copyright&quot;:&quot;&quot;,&quot;focal_length&quot;:&quot;0&quot;,&quot;iso&quot;:&quot;0&quot;,&quot;shutter_speed&quot;:&quot;0&quot;,&quot;title&quot;:&quot;&quot;,&quot;orientation&quot;:&quot;0&quot;}\" data-image-title=\"imagen campa\u00f1a salvar pitas\" data-image-description=\"\" data-image-caption=\"\" data-large-file=\"https:\/\/i0.wp.com\/elpicudonegro.com\/web\/wp-content\/uploads\/2016\/02\/imagen-campa%C3%B1a-1.jpg?fit=474%2C356&amp;ssl=1\" class=\"wp-image-209\" src=\"https:\/\/i0.wp.com\/elpicudonegro.com\/web\/wp-content\/uploads\/2016\/02\/imagen-campa%C3%B1a-1.jpg?resize=324%2C243\" alt=\"imagen campa\u00f1a salvar pitas\" width=\"324\" height=\"243\" srcset=\"https:\/\/i0.wp.com\/elpicudonegro.com\/web\/wp-content\/uploads\/2016\/02\/imagen-campa%C3%B1a-1.jpg?resize=300%2C225&amp;ssl=1 300w, https:\/\/i0.wp.com\/elpicudonegro.com\/web\/wp-content\/uploads\/2016\/02\/imagen-campa%C3%B1a-1.jpg?resize=768%2C576&amp;ssl=1 768w, https:\/\/i0.wp.com\/elpicudonegro.com\/web\/wp-content\/uploads\/2016\/02\/imagen-campa%C3%B1a-1.jpg?w=960&amp;ssl=1 960w\" sizes=\"auto, (max-width: 324px) 100vw, 324px\" \/><figcaption id=\"caption-attachment-209\" class=\"wp-caption-text\">Salvemos las Pitas de Almer\u00eda. FOTO DE CAMPA\u00d1A<\/figcaption><\/figure>\n<p style=\"text-align: justify;\">UNIDOS en ese esp\u00edritu, un peque\u00f1o grupo de personas, de diferentes \u00e1mbitos profesionales, creamos la Plataforma con\u00a0dos objetivos principales:<\/p>\n<ul style=\"text-align: justify;\">\n<li style=\"text-align: left;\">Replantear un<a href=\"http:\/\/www.juntadeandalucia.es\/medioambiente\/site\/portalweb\/menuitem.30d4b35a97db5c61716f2b105510e1ca\/?vgnextoid=adfba07ecd980510VgnVCM1000001325e50aRCRD&amp;vgnextchannel=2229b8f8606b8210VgnVCM10000055011eacRCRD\" target=\"_blank\"> proyecto Life<\/a>\u00a0que pretend\u00eda un <a href=\"https:\/\/www.facebook.com\/SALVEMOSLASPITASDEELTOYOALMERIA\" target=\"_blank\">arranque de pitas<\/a><\/li>\n<li style=\"text-align: left;\">Lucha conjunta contra el PICUDO NEGRO<\/li>\n<\/ul>\n<p style=\"text-align: justify;\"><span style=\"text-decoration: underline;\"><span style=\"color: #333333; text-decoration: underline;\">Nuestros datos son:<\/span><\/span><\/p>\n<h6 style=\"text-align: justify;\"><span style=\"color: #333333;\"><strong>N\u00ba \u00a0CIF:<\/strong>\u00a0G-04838124<br \/>\nRegistro de Asociaciones de Andaluc\u00eda Secci\u00f3n 1 n\u00ba 6240<br \/>\n<\/span><\/h6>\n<p style=\"text-align: justify;\">Ante la preocupaci\u00f3n creciente despu\u00e9s del avance del picudo negro del agave, y el destrozo que provoca en nuestras PITAS,\u00a0uno de nuestros miembros y representantes llev\u00f3 adelante este website, se trata de:<br \/>\nANTONIO CHARRO P\u00c9REZ<br \/>\nIngeniero T\u00e9cnico forestal<br \/>\nColegiado n\u00ba 1967<\/p>\n<blockquote>\n<figure id=\"attachment_244\" aria-describedby=\"caption-attachment-244\" style=\"width: 272px\" class=\"wp-caption aligncenter\"><img data-recalc-dims=\"1\" loading=\"lazy\" decoding=\"async\" data-attachment-id=\"244\" data-permalink=\"https:\/\/elpicudonegro.com\/web\/2016\/03\/14\/noticiasdealmeria-com\/venta-del-pobre\/\" data-orig-file=\"https:\/\/i0.wp.com\/elpicudonegro.com\/web\/wp-content\/uploads\/2016\/03\/venta-del-pobre.jpg?fit=1536%2C2048&amp;ssl=1\" data-orig-size=\"1536,2048\" data-comments-opened=\"1\" data-image-meta=\"{&quot;aperture&quot;:&quot;0&quot;,&quot;credit&quot;:&quot;&quot;,&quot;camera&quot;:&quot;&quot;,&quot;caption&quot;:&quot;&quot;,&quot;created_timestamp&quot;:&quot;0&quot;,&quot;copyright&quot;:&quot;&quot;,&quot;focal_length&quot;:&quot;0&quot;,&quot;iso&quot;:&quot;0&quot;,&quot;shutter_speed&quot;:&quot;0&quot;,&quot;title&quot;:&quot;&quot;,&quot;orientation&quot;:&quot;0&quot;}\" data-image-title=\"venta del pobre\" data-image-description=\"\" data-image-caption=\"&lt;p&gt;ANTONIO CHARRO REPRESENTANTE DE SALVEMOS LAS PITAS ALMERIA&lt;\/p&gt;\n\" data-large-file=\"https:\/\/i0.wp.com\/elpicudonegro.com\/web\/wp-content\/uploads\/2016\/03\/venta-del-pobre.jpg?fit=474%2C632&amp;ssl=1\" class=\"wp-image-244\" src=\"https:\/\/i0.wp.com\/elpicudonegro.com\/web\/wp-content\/uploads\/2016\/03\/venta-del-pobre.jpg?resize=272%2C363\" alt=\"ANTONIO CHARRO REPRESENTANTE DE SALVEMOS LAS PITAS ALMERIA\" width=\"272\" height=\"363\" srcset=\"https:\/\/i0.wp.com\/elpicudonegro.com\/web\/wp-content\/uploads\/2016\/03\/venta-del-pobre.jpg?resize=225%2C300&amp;ssl=1 225w, https:\/\/i0.wp.com\/elpicudonegro.com\/web\/wp-content\/uploads\/2016\/03\/venta-del-pobre.jpg?resize=768%2C1024&amp;ssl=1 768w, https:\/\/i0.wp.com\/elpicudonegro.com\/web\/wp-content\/uploads\/2016\/03\/venta-del-pobre.jpg?w=1536&amp;ssl=1 1536w, https:\/\/i0.wp.com\/elpicudonegro.com\/web\/wp-content\/uploads\/2016\/03\/venta-del-pobre.jpg?w=948 948w, https:\/\/i0.wp.com\/elpicudonegro.com\/web\/wp-content\/uploads\/2016\/03\/venta-del-pobre.jpg?w=1422 1422w\" sizes=\"auto, (max-width: 272px) 100vw, 272px\" \/><figcaption id=\"caption-attachment-244\" class=\"wp-caption-text\">ANTONIO CHARRO ENTRE PITAS AFECTADAS<\/figcaption><\/figure><\/blockquote>\n<p>POR \u00daLTIMO deseamos<em> \u201chacer comprender que <strong>el mantenimiento de la biodiversidad y los endemismos almerienses, no est\u00e1 re\u00f1ido con la presencia de pitas <\/strong>pero s\u00ed con otro tipo de proyectos de desarrollo que modifican el territorio de forma definitiva\u201d<\/em>.<\/p>\n<p><a href=\"http:\/\/elpicudonegro.com\/web\/colabora-salvemos-las-pitas-almeria\/\" target=\"_blank\">COLABORA!!! GRACIAS<\/a><\/p>\n","protected":false},"excerpt":{"rendered":"<p>Desde la Plataforma Salvemos las Pitas de Almer\u00eda\u00a0nos planteamos que todos los\u00a0\u00e1gaves (PITAS en general) representan algo m\u00e1s que especies\u00a0ex\u00f3ticas, y que forman parte de la identidad almeriense, del imaginario colectivo y su imagen exterior, siendo parte de nuestra historia.\u00a0Comprobamos con satisfacci\u00f3n que nuestras demandas y preocupaciones son compartidas por la mayor\u00eda de la poblaci\u00f3n, &hellip; <a href=\"https:\/\/elpicudonegro.com\/web\/quienes-somos-pitas-almeria\/\" class=\"more-link\">Seguir leyendo <span class=\"screen-reader-text\">QUIENES SOMOS<\/span> <span class=\"meta-nav\">&rarr;<\/span><\/a><\/p>\n","protected":false},"author":1,"featured_media":0,"parent":0,"menu_order":0,"comment_status":"closed","ping_status":"closed","template":"","meta":{"jetpack_post_was_ever_published":false,"footnotes":""},"class_list":["post-442","page","type-page","status-publish","hentry"],"yoast_head":"<!-- This site is optimized with the Yoast SEO plugin v27.4 - https:\/\/yoast.com\/product\/yoast-seo-wordpress\/ -->\n<title>QUIENES SOMOS - EL PICUDO NEGRO<\/title>\n<meta name=\"description\" content=\"Quienes somos. Ante la preocupaci\u00f3n creciente despu\u00e9s del avance del picudo negro del agave, y el destrozo que provoca en las PITAS de Almer\u00eda,\" \/>\n<meta name=\"robots\" content=\"index, follow, max-snippet:-1, max-image-preview:large, max-video-preview:-1\" \/>\n<link rel=\"canonical\" href=\"https:\/\/elpicudonegro.com\/web\/quienes-somos-pitas-almeria\/\" \/>\n<meta property=\"og:locale\" content=\"es_ES\" \/>\n<meta property=\"og:type\" content=\"article\" \/>\n<meta property=\"og:title\" content=\"QUIENES SOMOS - EL PICUDO NEGRO\" \/>\n<meta property=\"og:description\" content=\"Quienes somos. Ante la preocupaci\u00f3n creciente despu\u00e9s del avance del picudo negro del agave, y el destrozo que provoca en las PITAS de Almer\u00eda,\" \/>\n<meta property=\"og:url\" content=\"https:\/\/elpicudonegro.com\/web\/quienes-somos-pitas-almeria\/\" \/>\n<meta property=\"og:site_name\" content=\"EL PICUDO NEGRO\" \/>\n<meta property=\"article:modified_time\" content=\"2016-06-22T22:19:46+00:00\" \/>\n<meta property=\"og:image\" content=\"http:\/\/elpicudonegro.com\/web\/wp-content\/uploads\/2016\/03\/venta-del-pobre-225x300.jpg\" \/>\n<meta name=\"twitter:card\" content=\"summary_large_image\" \/>\n<meta name=\"twitter:label1\" content=\"Tiempo de lectura\" \/>\n\t<meta name=\"twitter:data1\" content=\"1 minuto\" \/>\n<script type=\"application\/ld+json\" class=\"yoast-schema-graph\">{\"@context\":\"https:\\\/\\\/schema.org\",\"@graph\":[{\"@type\":\"WebPage\",\"@id\":\"https:\\\/\\\/elpicudonegro.com\\\/web\\\/quienes-somos-pitas-almeria\\\/\",\"url\":\"https:\\\/\\\/elpicudonegro.com\\\/web\\\/quienes-somos-pitas-almeria\\\/\",\"name\":\"QUIENES SOMOS - EL PICUDO NEGRO\",\"isPartOf\":{\"@id\":\"https:\\\/\\\/elpicudonegro.com\\\/web\\\/#website\"},\"primaryImageOfPage\":{\"@id\":\"https:\\\/\\\/elpicudonegro.com\\\/web\\\/quienes-somos-pitas-almeria\\\/#primaryimage\"},\"image\":{\"@id\":\"https:\\\/\\\/elpicudonegro.com\\\/web\\\/quienes-somos-pitas-almeria\\\/#primaryimage\"},\"thumbnailUrl\":\"http:\\\/\\\/elpicudonegro.com\\\/web\\\/wp-content\\\/uploads\\\/2016\\\/03\\\/venta-del-pobre-225x300.jpg\",\"datePublished\":\"2016-03-28T16:55:23+00:00\",\"dateModified\":\"2016-06-22T22:19:46+00:00\",\"description\":\"Quienes somos. Ante la preocupaci\u00f3n creciente despu\u00e9s del avance del picudo negro del agave, y el destrozo que provoca en las PITAS de Almer\u00eda,\",\"breadcrumb\":{\"@id\":\"https:\\\/\\\/elpicudonegro.com\\\/web\\\/quienes-somos-pitas-almeria\\\/#breadcrumb\"},\"inLanguage\":\"es\",\"potentialAction\":[{\"@type\":\"ReadAction\",\"target\":[\"https:\\\/\\\/elpicudonegro.com\\\/web\\\/quienes-somos-pitas-almeria\\\/\"]}]},{\"@type\":\"ImageObject\",\"inLanguage\":\"es\",\"@id\":\"https:\\\/\\\/elpicudonegro.com\\\/web\\\/quienes-somos-pitas-almeria\\\/#primaryimage\",\"url\":\"https:\\\/\\\/i0.wp.com\\\/elpicudonegro.com\\\/web\\\/wp-content\\\/uploads\\\/2016\\\/03\\\/venta-del-pobre.jpg?fit=1536%2C2048&ssl=1\",\"contentUrl\":\"https:\\\/\\\/i0.wp.com\\\/elpicudonegro.com\\\/web\\\/wp-content\\\/uploads\\\/2016\\\/03\\\/venta-del-pobre.jpg?fit=1536%2C2048&ssl=1\",\"width\":1536,\"height\":2048,\"caption\":\"ANTONIO CHARRO REPRESENTANTE DE SALVEMOS LAS PITAS ALMERIA\"},{\"@type\":\"BreadcrumbList\",\"@id\":\"https:\\\/\\\/elpicudonegro.com\\\/web\\\/quienes-somos-pitas-almeria\\\/#breadcrumb\",\"itemListElement\":[{\"@type\":\"ListItem\",\"position\":1,\"name\":\"Portada\",\"item\":\"https:\\\/\\\/elpicudonegro.com\\\/web\\\/\"},{\"@type\":\"ListItem\",\"position\":2,\"name\":\"QUIENES SOMOS\"}]},{\"@type\":\"WebSite\",\"@id\":\"https:\\\/\\\/elpicudonegro.com\\\/web\\\/#website\",\"url\":\"https:\\\/\\\/elpicudonegro.com\\\/web\\\/\",\"name\":\"EL PICUDO NEGRO\",\"description\":\"Control de la plaga de picudo negro en las pitas de Almeria\",\"potentialAction\":[{\"@type\":\"SearchAction\",\"target\":{\"@type\":\"EntryPoint\",\"urlTemplate\":\"https:\\\/\\\/elpicudonegro.com\\\/web\\\/?s={search_term_string}\"},\"query-input\":{\"@type\":\"PropertyValueSpecification\",\"valueRequired\":true,\"valueName\":\"search_term_string\"}}],\"inLanguage\":\"es\"}]}<\/script>\n<!-- \/ Yoast SEO plugin. -->","yoast_head_json":{"title":"QUIENES SOMOS - EL PICUDO NEGRO","description":"Quienes somos. Ante la preocupaci\u00f3n creciente despu\u00e9s del avance del picudo negro del agave, y el destrozo que provoca en las PITAS de Almer\u00eda,","robots":{"index":"index","follow":"follow","max-snippet":"max-snippet:-1","max-image-preview":"max-image-preview:large","max-video-preview":"max-video-preview:-1"},"canonical":"https:\/\/elpicudonegro.com\/web\/quienes-somos-pitas-almeria\/","og_locale":"es_ES","og_type":"article","og_title":"QUIENES SOMOS - EL PICUDO NEGRO","og_description":"Quienes somos. Ante la preocupaci\u00f3n creciente despu\u00e9s del avance del picudo negro del agave, y el destrozo que provoca en las PITAS de Almer\u00eda,","og_url":"https:\/\/elpicudonegro.com\/web\/quienes-somos-pitas-almeria\/","og_site_name":"EL PICUDO NEGRO","article_modified_time":"2016-06-22T22:19:46+00:00","og_image":[{"url":"http:\/\/elpicudonegro.com\/web\/wp-content\/uploads\/2016\/03\/venta-del-pobre-225x300.jpg","type":"","width":"","height":""}],"twitter_card":"summary_large_image","twitter_misc":{"Tiempo de lectura":"1 minuto"},"schema":{"@context":"https:\/\/schema.org","@graph":[{"@type":"WebPage","@id":"https:\/\/elpicudonegro.com\/web\/quienes-somos-pitas-almeria\/","url":"https:\/\/elpicudonegro.com\/web\/quienes-somos-pitas-almeria\/","name":"QUIENES SOMOS - EL PICUDO NEGRO","isPartOf":{"@id":"https:\/\/elpicudonegro.com\/web\/#website"},"primaryImageOfPage":{"@id":"https:\/\/elpicudonegro.com\/web\/quienes-somos-pitas-almeria\/#primaryimage"},"image":{"@id":"https:\/\/elpicudonegro.com\/web\/quienes-somos-pitas-almeria\/#primaryimage"},"thumbnailUrl":"http:\/\/elpicudonegro.com\/web\/wp-content\/uploads\/2016\/03\/venta-del-pobre-225x300.jpg","datePublished":"2016-03-28T16:55:23+00:00","dateModified":"2016-06-22T22:19:46+00:00","description":"Quienes somos. Ante la preocupaci\u00f3n creciente despu\u00e9s del avance del picudo negro del agave, y el destrozo que provoca en las PITAS de Almer\u00eda,","breadcrumb":{"@id":"https:\/\/elpicudonegro.com\/web\/quienes-somos-pitas-almeria\/#breadcrumb"},"inLanguage":"es","potentialAction":[{"@type":"ReadAction","target":["https:\/\/elpicudonegro.com\/web\/quienes-somos-pitas-almeria\/"]}]},{"@type":"ImageObject","inLanguage":"es","@id":"https:\/\/elpicudonegro.com\/web\/quienes-somos-pitas-almeria\/#primaryimage","url":"https:\/\/i0.wp.com\/elpicudonegro.com\/web\/wp-content\/uploads\/2016\/03\/venta-del-pobre.jpg?fit=1536%2C2048&ssl=1","contentUrl":"https:\/\/i0.wp.com\/elpicudonegro.com\/web\/wp-content\/uploads\/2016\/03\/venta-del-pobre.jpg?fit=1536%2C2048&ssl=1","width":1536,"height":2048,"caption":"ANTONIO CHARRO REPRESENTANTE DE SALVEMOS LAS PITAS ALMERIA"},{"@type":"BreadcrumbList","@id":"https:\/\/elpicudonegro.com\/web\/quienes-somos-pitas-almeria\/#breadcrumb","itemListElement":[{"@type":"ListItem","position":1,"name":"Portada","item":"https:\/\/elpicudonegro.com\/web\/"},{"@type":"ListItem","position":2,"name":"QUIENES SOMOS"}]},{"@type":"WebSite","@id":"https:\/\/elpicudonegro.com\/web\/#website","url":"https:\/\/elpicudonegro.com\/web\/","name":"EL PICUDO NEGRO","description":"Control de la plaga de picudo negro en las pitas de Almeria","potentialAction":[{"@type":"SearchAction","target":{"@type":"EntryPoint","urlTemplate":"https:\/\/elpicudonegro.com\/web\/?s={search_term_string}"},"query-input":{"@type":"PropertyValueSpecification","valueRequired":true,"valueName":"search_term_string"}}],"inLanguage":"es"}]}},"jetpack_sharing_enabled":true,"jetpack_shortlink":"https:\/\/wp.me\/P7lxPt-78","jetpack-related-posts":[],"_links":{"self":[{"href":"https:\/\/elpicudonegro.com\/web\/wp-json\/wp\/v2\/pages\/442","targetHints":{"allow":["GET"]}}],"collection":[{"href":"https:\/\/elpicudonegro.com\/web\/wp-json\/wp\/v2\/pages"}],"about":[{"href":"https:\/\/elpicudonegro.com\/web\/wp-json\/wp\/v2\/types\/page"}],"author":[{"embeddable":true,"href":"https:\/\/elpicudonegro.com\/web\/wp-json\/wp\/v2\/users\/1"}],"replies":[{"embeddable":true,"href":"https:\/\/elpicudonegro.com\/web\/wp-json\/wp\/v2\/comments?post=442"}],"version-history":[{"count":28,"href":"https:\/\/elpicudonegro.com\/web\/wp-json\/wp\/v2\/pages\/442\/revisions"}],"predecessor-version":[{"id":773,"href":"https:\/\/elpicudonegro.com\/web\/wp-json\/wp\/v2\/pages\/442\/revisions\/773"}],"wp:attachment":[{"href":"https:\/\/elpicudonegro.com\/web\/wp-json\/wp\/v2\/media?parent=442"}],"curies":[{"name":"wp","href":"https:\/\/api.w.org\/{rel}","templated":true}]}}